{"id":280,"date":"2021-05-24T08:26:57","date_gmt":"2021-05-24T08:26:57","guid":{"rendered":"https:\/\/www.mobiliaepartners.com\/home\/?page_id=280"},"modified":"2021-05-24T08:48:40","modified_gmt":"2021-05-24T08:48:40","slug":"storia","status":"publish","type":"page","link":"https:\/\/www.mobiliaepartners.com\/home\/storia\/","title":{"rendered":"Storia"},"content":{"rendered":"<ul>\n<li>La nostra societ\u00e0 inizia ad operare sullo scenario immobiliare Milanese nella seconda met\u00e0 degli anni &#8217;80, inizialmente intermediando la compravendita di unit\u00e0 immobiliari di piccola e media dimensione, per poi successivamente gestire la dismissione di patrimoni di investitori privati, frazionando gli asset e curandone la commercializzazione.<\/li>\n<\/ul>\n<p>&nbsp;<\/p>\n<ul>\n<li>La Societ\u00e0 ha sempre operato sul mercato milanese come consulente nella progettazione di sviluppi immobiliari e trasformazioni da uso industriale\/uffici a residenziale e di sviluppare una struttura organizzativa in grado di identificare e selezionare sul mercato immobili da proporre come investimento a reddito sia nel settore uffici che industriale, commerciale e residenziale ed offrendo un servizio di agency a 360 gradi.<\/li>\n<\/ul>\n<p>&nbsp;<\/p>\n<ul>\n<li>Il successo e la crescita dello Studio si basa pertanto sulla sua presenza sul mercato pi\u00f9 che trentennale , ed esperienza diversificata nel settore dell&#8217;intermediazione e sviluppo immobiliare acquisita dai suoi Soci fondatori e Partners, con la stretta collaborazione operativa con i network professionali creati.<\/li>\n<\/ul>\n<p>&nbsp;<\/p>\n<ul>\n<li>La societ\u00e0 offre oggi, ad una clientela variegata, opportunit\u00e0 di acquisto o vendita di unit\u00e0 Immobiliari singole o pacchetti nel settore residenziale, terziario, commerciale, alberghiero, RSA ed attivit\u00e0 di advisory immobiliare a 360 gradi, operando prettamente nella citt\u00e0 di Milano.<\/li>\n<\/ul>\n","protected":false},"excerpt":{"rendered":"<p>La nostra societ\u00e0 inizia ad operare sullo scenario immobiliare Milanese nella seconda met\u00e0 degli anni &#8217;80, inizialmente intermediando la compravendita di unit\u00e0 immobiliari di piccola&hellip;<\/p>\n","protected":false},"author":1,"featured_media":0,"parent":0,"menu_order":0,"comment_status":"closed","ping_status":"closed","template":"","meta":{"footnotes":""},"class_list":{"0":"post-280","1":"page","2":"type-page","3":"status-publish","5":"no-post-thumbnail","6":"entry"},"_links":{"self":[{"href":"https:\/\/www.mobiliaepartners.com\/home\/wp-json\/wp\/v2\/pages\/280","targetHints":{"allow":["GET"]}}],"collection":[{"href":"https:\/\/www.mobiliaepartners.com\/home\/wp-json\/wp\/v2\/pages"}],"about":[{"href":"https:\/\/www.mobiliaepartners.com\/home\/wp-json\/wp\/v2\/types\/page"}],"author":[{"embeddable":true,"href":"https:\/\/www.mobiliaepartners.com\/home\/wp-json\/wp\/v2\/users\/1"}],"replies":[{"embeddable":true,"href":"https:\/\/www.mobiliaepartners.com\/home\/wp-json\/wp\/v2\/comments?post=280"}],"version-history":[{"count":4,"href":"https:\/\/www.mobiliaepartners.com\/home\/wp-json\/wp\/v2\/pages\/280\/revisions"}],"predecessor-version":[{"id":296,"href":"https:\/\/www.mobiliaepartners.com\/home\/wp-json\/wp\/v2\/pages\/280\/revisions\/296"}],"wp:attachment":[{"href":"https:\/\/www.mobiliaepartners.com\/home\/wp-json\/wp\/v2\/media?parent=280"}],"curies":[{"name":"wp","href":"https:\/\/api.w.org\/{rel}","templated":true}]}}